{"id":3860,"date":"2021-12-24T15:18:33","date_gmt":"2021-12-24T15:18:33","guid":{"rendered":"http:\/\/cristianocarvalho.net\/WordPress\/?post_type=product&#038;p=3860"},"modified":"2021-12-24T16:20:31","modified_gmt":"2021-12-24T16:20:31","slug":"coluna-de-deteccao-de-temperatura-uv-temp-column-child","status":"publish","type":"product","link":"https:\/\/cristianocarvalho.net\/WordPress\/produto\/coluna-de-deteccao-de-temperatura-uv-temp-column-child\/","title":{"rendered":"Coluna de Detec\u00e7\u00e3o de Temperatura &#8211; UV-TEMP-COLUMN-CHILD"},"content":{"rendered":"<p align=\"justify\"><strong>Coluna de Detec\u00e7\u00e3o de Temperatura &#8211; UV-TEMP-COLUMN-CHILD<\/strong><\/p>\n<div id=\"all\" class=\"row-offcanvas row-offcanvas-left\">\n<div id=\"back\">\n<div id=\"contentarea\" class=\"main-clear\">\n<div id=\"main\">\n<div class=\"productdetails-view productdetails\">\n<div class=\"product-description card\">\n<div id=\"content_tabs\">\n<div class=\"content active\">\n<ul class=\"article_list\">\n<li>Uniview<\/li>\n<li>Coluna de Detec\u00e7\u00e3o de Temperatura<\/li>\n<li>Tama\u00f1o ide la columna adaptada a ni\u00f1os<\/li>\n<li>Sensor de termopilha<\/li>\n<li>Precis\u00e3o \u00b1 0.3\u00baC<\/li>\n<li>Medi\u00e7\u00e3o da temperatura corporal<\/li>\n<li>Detec\u00e7\u00e3o de febre<\/li>\n<li>Sensibilidade de detec\u00e7\u00e3o no pulso<\/li>\n<li>Modo aut\u00f3nomo sem banco de dados ou com banco de dados e controlo de acesso<\/li>\n<li>Visor 7&#8243; LCD a cores com ecr\u00e3 t\u00e1ctil<\/li>\n<li>Detec\u00e7\u00e3o de m\u00e1scaras e reconhecimento facial opcional<\/li>\n<li>Alarmes<\/li>\n<li>Plug and Play<\/li>\n<li>Software EZStation de registo e alarmes gratuito<\/li>\n<li>Este produto \u00e9 um kit composto por v\u00e1rios produtos<\/li>\n<li>Devem ser feitos furos de instala\u00e7\u00e3o simples<\/li>\n<\/ul>\n<\/div>\n<\/div>\n<\/div>\n<\/div>\n<\/div>\n<\/div>\n<\/div>\n<\/div>\n<table class=\"specs\" border=\"0\" cellspacing=\"0\" cellpadding=\"0\">\n<tbody>\n<tr class=\"table-data\" align=\"left\" valign=\"middle\">\n<td width=\"30%\" height=\"22\"><strong>Marca<\/strong><\/td>\n<td width=\"70%\" height=\"22\">Uniview<\/td>\n<\/tr>\n<tr class=\"table-data\" align=\"left\" valign=\"middle\">\n<td width=\"30%\" height=\"22\"><strong>Modelo<\/strong><\/td>\n<td width=\"70%\" height=\"22\">UV-TEMP-COLUMN-CHILD<\/td>\n<\/tr>\n<tr class=\"table-data\" align=\"left\" valign=\"middle\">\n<td width=\"30%\" height=\"22\"><strong>Sensor de temperatura<\/strong><\/td>\n<td width=\"70%\" height=\"22\">Sensor infravermelho<\/td>\n<\/tr>\n<tr class=\"table-data\" align=\"left\" valign=\"middle\">\n<td width=\"30%\" height=\"22\"><strong>Modos de identifica\u00e7\u00e3o<\/strong><\/td>\n<td width=\"70%\" height=\"22\">Apenas Temperatura, Reconhecimento facial e Temperatura, M\u00e1scara e Capacete de trabalho (configur\u00e1vel), Cart\u00e3o MF 13.56MHz<\/td>\n<\/tr>\n<tr class=\"table-data\" align=\"left\" valign=\"middle\">\n<td width=\"30%\" height=\"22\"><strong>Posi\u00e7\u00e3o de detec\u00e7\u00e3o<\/strong><\/td>\n<td width=\"70%\" height=\"22\">Pulso<\/td>\n<\/tr>\n<tr class=\"table-data\" align=\"left\" valign=\"middle\">\n<td width=\"30%\" height=\"22\"><strong>Dist\u00e2ncia de medi\u00e7\u00e3o de temperatura<\/strong><\/td>\n<td width=\"70%\" height=\"22\">1 a 2.5 cm<\/td>\n<\/tr>\n<tr class=\"table-data\" align=\"left\" valign=\"middle\">\n<td width=\"30%\" height=\"22\"><strong>Intervalo de temperatura<\/strong><\/td>\n<td width=\"70%\" height=\"22\">30\u00ba C ~ +45\u00ba C<\/td>\n<\/tr>\n<tr class=\"table-data\" align=\"left\" valign=\"middle\">\n<td width=\"30%\" height=\"22\"><strong>Precis\u00e3o<\/strong><\/td>\n<td width=\"70%\" height=\"22\">\u00b10.3\u00baC<\/td>\n<\/tr>\n<\/tbody>\n<\/table>\n","protected":false},"excerpt":{"rendered":"<p><strong>Coluna de Detec\u00e7\u00e3o de Temperatura &#8211; UV-TEMP-COLUMN-CHILD<\/strong><\/p>\n<ul>\n<li>Coluna de Detec\u00e7\u00e3o de Temperatura<\/li>\n<li>Sensor de termopilha e detec\u00e7\u00e3o de m\u00e1scara<\/li>\n<li>Detec\u00e7\u00e3o da febre no pulso<\/li>\n<li>Medi\u00e7\u00e3o de temperatura corporal a 5cm<\/li>\n<li>Alta Precis\u00e3o \u00b10.3\u00baC | Tamanho infantil<\/li>\n<li>Modo aut\u00f3nomo de funcionamento<\/li>\n<\/ul>\n<p><strong>Conte\u00fado:<\/strong><\/p>\n<ul>\n<li>Coluna de Detec\u00e7\u00e3o de Temperatura<\/li>\n<li>Material de instala\u00e7\u00e3o<\/li>\n<li>Suporte de ch\u00e3o<\/li>\n<\/ul>\n<p><strong>Pre\u00e7o sem IVA<br \/>\n<span style=\"color: #ff0000;\">Custos de expedi\u00e7\u00e3o calculado s\u00f3 para Portugal Continental.<\/span><\/strong><\/p>\n<p>&nbsp;<\/p>\n","protected":false},"featured_media":3854,"comment_status":"open","ping_status":"closed","template":"","meta":[],"product_brand":[],"product_cat":[74,73],"product_tag":[],"class_list":{"0":"post-3860","1":"product","2":"type-product","3":"status-publish","4":"has-post-thumbnail","6":"product_cat-controlo-de-acessos","7":"product_cat-temperatura-corporal-febre","8":"product_shipping_class-preco-inferior-a-30kg-em-portugal","10":"first","11":"outofstock","12":"sale","13":"taxable","14":"shipping-taxable","15":"purchasable","16":"product-type-simple"},"_links":{"self":[{"href":"https:\/\/cristianocarvalho.net\/WordPress\/wp-json\/wp\/v2\/product\/3860","targetHints":{"allow":["GET"]}}],"collection":[{"href":"https:\/\/cristianocarvalho.net\/WordPress\/wp-json\/wp\/v2\/product"}],"about":[{"href":"https:\/\/cristianocarvalho.net\/WordPress\/wp-json\/wp\/v2\/types\/product"}],"replies":[{"embeddable":true,"href":"https:\/\/cristianocarvalho.net\/WordPress\/wp-json\/wp\/v2\/comments?post=3860"}],"version-history":[{"count":1,"href":"https:\/\/cristianocarvalho.net\/WordPress\/wp-json\/wp\/v2\/product\/3860\/revisions"}],"predecessor-version":[{"id":3861,"href":"https:\/\/cristianocarvalho.net\/WordPress\/wp-json\/wp\/v2\/product\/3860\/revisions\/3861"}],"wp:featuredmedia":[{"embeddable":true,"href":"https:\/\/cristianocarvalho.net\/WordPress\/wp-json\/wp\/v2\/media\/3854"}],"wp:attachment":[{"href":"https:\/\/cristianocarvalho.net\/WordPress\/wp-json\/wp\/v2\/media?parent=3860"}],"wp:term":[{"taxonomy":"product_brand","embeddable":true,"href":"https:\/\/cristianocarvalho.net\/WordPress\/wp-json\/wp\/v2\/product_brand?post=3860"},{"taxonomy":"product_cat","embeddable":true,"href":"https:\/\/cristianocarvalho.net\/WordPress\/wp-json\/wp\/v2\/product_cat?post=3860"},{"taxonomy":"product_tag","embeddable":true,"href":"https:\/\/cristianocarvalho.net\/WordPress\/wp-json\/wp\/v2\/product_tag?post=3860"}],"curies":[{"name":"wp","href":"https:\/\/api.w.org\/{rel}","templated":true}]}}