{"id":3783,"date":"2021-12-24T08:34:05","date_gmt":"2021-12-24T08:34:05","guid":{"rendered":"http:\/\/cristianocarvalho.net\/WordPress\/?post_type=product&#038;p=3783"},"modified":"2021-12-24T09:04:54","modified_gmt":"2021-12-24T09:04:54","slug":"video-porteiro-720p-nvs-ipvd1b","status":"publish","type":"product","link":"https:\/\/cristianocarvalho.net\/WordPress\/produto\/video-porteiro-720p-nvs-ipvd1b\/","title":{"rendered":"V\u00eddeo Porteiro 720P &#8211; NVS-IPVD1B"},"content":{"rendered":"<p><a href=\"https:\/\/play.google.com\/store\/apps\/details?id=com.tuya.smart&amp;hl=pt_PT\" target=\"_blank\" rel=\"noopener noreferrer\" data-wp-editing=\"1\"><img data-opt-id=216246474  fetchpriority=\"high\" decoding=\"async\" class=\"alignnone wp-image-1640\" src=\"https:\/\/mlibb0mwkwo9.i.optimole.com\/cb:62NB.5857\/w:auto\/h:auto\/q:mauto\/f:best\/https:\/\/cristianocarvalho.net\/WordPress\/wp-content\/uploads\/2020\/04\/google-play.png\" alt=\"\" width=\"180\" height=\"51\" \/>\u00a0\u00a0\u00a0 <\/a><a href=\"https:\/\/apps.apple.com\/us\/app\/tuyasmart\/id1034649547\" target=\"_blank\" rel=\"noopener noreferrer\"><img data-opt-id=2025297500  fetchpriority=\"high\" decoding=\"async\" class=\"alignnone wp-image-1639\" src=\"https:\/\/mlibb0mwkwo9.i.optimole.com\/cb:62NB.5857\/w:auto\/h:auto\/q:mauto\/f:best\/https:\/\/cristianocarvalho.net\/WordPress\/wp-content\/uploads\/2020\/04\/App-Sotre.png\" alt=\"\" width=\"180\" height=\"51\" \/><\/a><\/p>\n<p align=\"justify\"><strong>V\u00eddeo Porteiro 720P &#8211; NVS-IPVD1B<\/strong><\/p>\n<ul class=\"article_list\">\n<li>1\/4&#8243; Progressiv0 CMOS<\/li>\n<li>720p (1280 x 720)<\/li>\n<li>\u00c2ngulo de abertura 130\u00ba<\/li>\n<li>IR Alcance 7 m<\/li>\n<li>Compress\u00e3o H.264 \/ MJPEG<\/li>\n<li>Wifi IEEE 802.11 b\/g\/n 2.4 GHz<\/li>\n<li>Slot para cart\u00e3o Micro SD at\u00e9 128 GB<\/li>\n<li>Bateria inclu\u00edda 6000 mAh<\/li>\n<li>\u00c1udio bidirecional (microfone e alto falante integrados)<\/li>\n<li>Imperme\u00e1vel IP54<\/li>\n<li>Compat\u00edvel com APP TUYA Smart<\/li>\n<\/ul>\n<table class=\"specs\" border=\"0\" cellspacing=\"0\" cellpadding=\"0\">\n<tbody>\n<tr class=\"table-data\" align=\"left\" valign=\"middle\">\n<td width=\"30%\" height=\"22\"><strong>Marca<\/strong><\/td>\n<td width=\"70%\" height=\"22\">Nivian Smart<\/td>\n<\/tr>\n<tr class=\"table-data\" align=\"left\" valign=\"middle\">\n<td width=\"30%\" height=\"22\"><strong>Sensor de imagem<\/strong><\/td>\n<td width=\"70%\" height=\"22\">CMOS progressivo de 1\/4 \u201d<\/td>\n<\/tr>\n<tr class=\"table-data\" align=\"left\" valign=\"middle\">\n<td width=\"30%\" height=\"22\"><strong>Resolu\u00e7\u00e3o<\/strong><\/td>\n<td width=\"70%\" height=\"22\">1280 x 720 (720P)<\/td>\n<\/tr>\n<tr class=\"table-data\" align=\"left\" valign=\"middle\">\n<td width=\"30%\" height=\"22\"><strong>Taxa de bits<\/strong><\/td>\n<td width=\"70%\" height=\"22\">25 FPS<\/td>\n<\/tr>\n<tr class=\"table-data\" align=\"left\" valign=\"middle\">\n<td width=\"30%\" height=\"22\"><strong>Compress\u00e3o<\/strong><\/td>\n<td width=\"70%\" height=\"22\">H.264 \/ MJPEG<\/td>\n<\/tr>\n<tr class=\"table-data\" align=\"left\" valign=\"middle\">\n<td width=\"30%\" height=\"22\"><strong>Lente<\/strong><\/td>\n<td width=\"70%\" height=\"22\">130\u00ba Grande angular<\/td>\n<\/tr>\n<tr class=\"table-data\" align=\"left\" valign=\"middle\">\n<td width=\"30%\" height=\"22\"><strong>Ilumina\u00e7\u00e3o m\u00ednima<\/strong><\/td>\n<td width=\"70%\" height=\"22\">0 Lux | IR Alcance at\u00e9 7 m<\/td>\n<\/tr>\n<tr class=\"table-data\" align=\"left\" valign=\"middle\">\n<td width=\"30%\" height=\"22\"><strong>Caracter\u00edsticas<\/strong><\/td>\n<td width=\"70%\" height=\"22\">DWDR<\/td>\n<\/tr>\n<tr class=\"table-data\" align=\"left\" valign=\"middle\">\n<td width=\"30%\" height=\"22\"><strong>\u00c1udio<\/strong><\/td>\n<td width=\"70%\" height=\"22\">\u00c1udio bidirecional (microfone e alto falante integrados)<\/td>\n<\/tr>\n<tr class=\"table-data\" align=\"left\" valign=\"middle\">\n<td width=\"30%\" height=\"22\"><strong>Interface de rede<\/strong><\/td>\n<td width=\"70%\" height=\"22\">WiFi IEEE 802.11b \/ g \/ n 2,4 GHz<\/td>\n<\/tr>\n<tr class=\"table-data\" align=\"left\" valign=\"middle\">\n<td width=\"30%\" height=\"22\"><strong>Acesso Plug &amp; Play<\/strong><\/td>\n<td width=\"70%\" height=\"22\">P2P, com leitura de c\u00f3digo QR<\/td>\n<\/tr>\n<tr class=\"table-data\" align=\"left\" valign=\"middle\">\n<td width=\"30%\" height=\"22\"><strong>Notifica\u00e7\u00e3o de eventos<\/strong><\/td>\n<td width=\"70%\" height=\"22\">Notifica\u00e7\u00e3o push e grava\u00e7\u00e3o de v\u00eddeo e imagem no cart\u00e3o SD<\/td>\n<\/tr>\n<tr class=\"table-data\" align=\"left\" valign=\"middle\">\n<td width=\"30%\" height=\"22\"><strong>Acesso remoto<\/strong><\/td>\n<td width=\"70%\" height=\"22\">Tuya Cloud<\/td>\n<\/tr>\n<tr class=\"table-data\" align=\"left\" valign=\"middle\">\n<td width=\"30%\" height=\"22\"><strong>Armazenagem interna<\/strong><\/td>\n<td width=\"70%\" height=\"22\">Slot para cart\u00e3o MicroSD, Max 128 GB (n\u00e3o inclu\u00eddo)<\/td>\n<\/tr>\n<tr class=\"table-data\" align=\"left\" valign=\"middle\">\n<td width=\"30%\" height=\"22\"><strong>Uso<\/strong><\/td>\n<td width=\"70%\" height=\"22\">Apto para exterior IP54<\/td>\n<\/tr>\n<tr class=\"table-data\" align=\"left\" valign=\"middle\">\n<td width=\"30%\" height=\"22\"><strong>Alimenta\u00e7\u00e3o<\/strong><\/td>\n<td width=\"70%\" height=\"22\">Bateria 6000 mAh | DC 5 V \/ 1 A micro USB | AC 8~24 V (mediante conversor de pot\u00eancia inclu\u00eddo)<\/td>\n<\/tr>\n<tr class=\"table-data\" align=\"left\" valign=\"middle\">\n<td width=\"30%\" height=\"22\"><strong>Dimens\u00f5es \/ Peso<\/strong><\/td>\n<td width=\"70%\" height=\"22\">58 (Fo) x 26 (lar) x 130 (Al) (com bateria) | 58 (Fo) x 26 (lar) x 60 (Al) (sem bateria)\/ 200 g<\/td>\n<\/tr>\n<\/tbody>\n<\/table>\n","protected":false},"excerpt":{"rendered":"<p><strong>V\u00eddeo Porteiro 720P &#8211; NVS-IPVD1B<\/strong><\/p>\n<ul>\n<li>Wifi IEEE 802.11 b\/g\/n 2.4 GHz<\/li>\n<li>\u00c1udio | Faixa de IR 7 m<\/li>\n<li>Bateria inclu\u00edda 6000 mAh<\/li>\n<li>Compat\u00edvel com TUYA Smart<\/li>\n<li>Apto para exterior IP54<\/li>\n<\/ul>\n<p><strong>Conteudo:<\/strong><\/p>\n<ul>\n<li>V\u00eddeo Doorbell IP<\/li>\n<li>Alimentador DC 5 V \/ 1000 mA<\/li>\n<li>Conversor de pot\u00eancia AC\/DC<\/li>\n<li>Acess\u00f3rios de montagem<\/li>\n<li>CD com manual e software<\/li>\n<\/ul>\n<p><strong>Pre\u00e7o sem IVA<br \/>\n<span style=\"color: #ff0000;\">Custos de expedi\u00e7\u00e3o calculado s\u00f3 para Portugal Continental.<\/span><\/strong><\/p>\n<p>&nbsp;<\/p>\n","protected":false},"featured_media":3789,"comment_status":"open","ping_status":"closed","template":"","meta":[],"product_brand":[],"product_cat":[57,70],"product_tag":[],"class_list":{"0":"post-3783","1":"product","2":"type-product","3":"status-publish","4":"has-post-thumbnail","6":"product_cat-smart-home","7":"product_cat-smart-home-acessorios","8":"product_shipping_class-preco-inferior-a-30kg-em-portugal","10":"first","11":"onbackorder","12":"sale","13":"taxable","14":"shipping-taxable","15":"purchasable","16":"product-type-simple"},"_links":{"self":[{"href":"https:\/\/cristianocarvalho.net\/WordPress\/wp-json\/wp\/v2\/product\/3783","targetHints":{"allow":["GET"]}}],"collection":[{"href":"https:\/\/cristianocarvalho.net\/WordPress\/wp-json\/wp\/v2\/product"}],"about":[{"href":"https:\/\/cristianocarvalho.net\/WordPress\/wp-json\/wp\/v2\/types\/product"}],"replies":[{"embeddable":true,"href":"https:\/\/cristianocarvalho.net\/WordPress\/wp-json\/wp\/v2\/comments?post=3783"}],"version-history":[{"count":2,"href":"https:\/\/cristianocarvalho.net\/WordPress\/wp-json\/wp\/v2\/product\/3783\/revisions"}],"predecessor-version":[{"id":3790,"href":"https:\/\/cristianocarvalho.net\/WordPress\/wp-json\/wp\/v2\/product\/3783\/revisions\/3790"}],"wp:featuredmedia":[{"embeddable":true,"href":"https:\/\/cristianocarvalho.net\/WordPress\/wp-json\/wp\/v2\/media\/3789"}],"wp:attachment":[{"href":"https:\/\/cristianocarvalho.net\/WordPress\/wp-json\/wp\/v2\/media?parent=3783"}],"wp:term":[{"taxonomy":"product_brand","embeddable":true,"href":"https:\/\/cristianocarvalho.net\/WordPress\/wp-json\/wp\/v2\/product_brand?post=3783"},{"taxonomy":"product_cat","embeddable":true,"href":"https:\/\/cristianocarvalho.net\/WordPress\/wp-json\/wp\/v2\/product_cat?post=3783"},{"taxonomy":"product_tag","embeddable":true,"href":"https:\/\/cristianocarvalho.net\/WordPress\/wp-json\/wp\/v2\/product_tag?post=3783"}],"curies":[{"name":"wp","href":"https:\/\/api.w.org\/{rel}","templated":true}]}}