{"id":3595,"date":"2021-11-12T08:19:40","date_gmt":"2021-11-12T08:19:40","guid":{"rendered":"http:\/\/cristianocarvalho.net\/WordPress\/?post_type=product&#038;p=3595"},"modified":"2022-02-10T21:43:05","modified_gmt":"2022-02-10T21:43:05","slug":"sunpad-solar-aquecedor-de-agua-solar","status":"publish","type":"product","link":"https:\/\/cristianocarvalho.net\/WordPress\/produto\/sunpad-solar-aquecedor-de-agua-solar\/","title":{"rendered":"SunPad Solar &#8211; AQUECEDOR DE \u00c1GUA SOLAR"},"content":{"rendered":"<p>SUNPAD fornece \u00e1gua quente tratada de forma sustent\u00e1vel ao melhor pre\u00e7o e \u00e9 a simbiose perfeita entre inova\u00e7\u00e3o, design e usabilidade.\u00a0Contribu\u00edmos para influenciar significativamente os h\u00e1bitos de energia da popula\u00e7\u00e3o mundial por meio do SUNPAD.\u00a0E para come\u00e7ar uma nova abordagem hoje como parte do sistema de energia de amanh\u00e3.<\/p>\n<p>Com nossa solu\u00e7\u00e3o de energia inteligente para suas necessidades individuais, podemos reduzir<\/p>\n<ul>\n<li>a emiss\u00e3o de Co2 por um SUNPAD que corresponde a 100 grandes \u00e1rvores plantadas.<\/li>\n<li>seus custos de energia t\u00e9rmica em at\u00e9 80%, dependendo do seu ambiente clim\u00e1tico<\/li>\n<\/ul>\n<h2 class=\"av-special-heading-tag \">PRINC\u00cdPIO FUNCIONAL<\/h2>\n<p>SUNPAD \u00e9 um\u00a0<strong>sistema solar<\/strong>\u00a0\u00fanico e completamente\u00a0<strong>novo<\/strong>\u00a0.\u00a0Ao integrar o tanque transportador de calor no isolamento, que inclui todos os componentes de suporte ao mesmo tempo, criamos o sistema solar mais compacto dispon\u00edvel no mercado.<\/p>\n<p>Devido ao pequeno n\u00famero de componentes, o sistema praticamente n\u00e3o requer manuten\u00e7\u00e3o.\u00a0O cora\u00e7\u00e3o do sistema \u00e9 o tanque de armazenamento de calor.\u00a0Ele cont\u00e9m\u00a0<strong>150 litros de fluido de transfer\u00eancia de calor<\/strong>\u00a0.\u00a0Este fluido de transfer\u00eancia de calor \u00e9 uma mistura de l\u00edquido anticorrosivo misturado com \u00e1gua.\u00a0O tanque \u00e9 fabricado com a mais recente tecnologia de soldagem a laser.<\/p>\n<p>O revestimento solar especial na superf\u00edcie do tanque faz com que o fluido de transfer\u00eancia de calor no tanque seja aquecido quando exposto \u00e0 luz solar.\u00a0A energia solar incidente \u00e9 liberada diretamente sem perdas da linha para a \u00e1gua.\u00a0Isso significa que o sistema fornece 150 litros de fluido de transfer\u00eancia de calor durante o dia\u00a0<strong>at\u00e9 85 graus Celsius<\/strong>\u00a0(dependendo da zona clim\u00e1tica e do ambiente local).<\/p>\n<p>Este tanque tamb\u00e9m hospeda o trocador de calor precisamente dimensionado (19 m de comprimento) que carrega a \u00e1gua pot\u00e1vel real.<\/p>\n<p>Conectado \u00e0 tubula\u00e7\u00e3o de \u00e1gua da casa, o tanque \u00e9 escoado com a \u00e1gua da torneira.\u00a0Se a \u00e1gua for canalizada, ir\u00e1 aquecer \u00e0 medida que flui atrav\u00e9s do permutador de calor e haver\u00e1 \u00e1gua quente dispon\u00edvel.<\/p>\n<p>Com a v\u00e1lvula de mistura \u00e0 jusante, a \u00e1gua ser\u00e1 misturada at\u00e9 a temperatura desejada.\u00a0Dependendo do ambiente e da temperatura do sistema,\u00a0estar\u00e3o dispon\u00edveis\u00a0<strong>at\u00e9 380 litros de \u00e1gua com 40 graus Celsius<\/strong>\u00a0.<\/p>\n<p>Para manter a temperatura no tanque, ele \u00e9 revestido com\u00a0<strong>isolamento<\/strong>\u00a0de espuma de polipropileno (EPP) de alta qualidade com\u00a0<strong>espessura de<\/strong>\u00a0at\u00e9\u00a0<strong>50 mm<\/strong>\u00a0.\u00a0Este isolamento tamb\u00e9m assume a fun\u00e7\u00e3o de reten\u00e7\u00e3o para o isolamento da tampa altamente transparente e resistente a UV e o vidro de seguran\u00e7a solar.<\/p>\n<p><iframe src=\"https:\/\/www.youtube.com\/embed\/YxsAiVMY4zc\" width=\"560\" height=\"315\" frameborder=\"0\" allowfullscreen=\"allowfullscreen\"><\/iframe><\/p>\n<table class=\"got-table-transparent\" style=\"height: 480px;\" width=\"1136\">\n<tbody>\n<tr>\n<td>\u00c1rea bruta \/ \u00e1rea l\u00edquida<\/td>\n<td>2,05 m2 \/ 1,68 m2<\/td>\n<\/tr>\n<tr>\n<td>C x L x A<\/td>\n<td>2,220 mm x 920 mm x 198 mm<\/td>\n<\/tr>\n<tr>\n<td>Aquecedor de peso vazio<\/td>\n<td>62 kg (vidro AR \u00fanico)<\/td>\n<\/tr>\n<tr>\n<td>Caixa de coletor<\/td>\n<td>EPP com capa de prote\u00e7\u00e3o UV<\/td>\n<\/tr>\n<tr>\n<td>Prote\u00e7\u00e3o de p\u00e1ssaros<\/td>\n<td>moldura de alum\u00ednio click-on<\/td>\n<\/tr>\n<tr>\n<td>Absorvedor<\/td>\n<td>A\u00e7o, revestimento seletivo<\/td>\n<\/tr>\n<tr>\n<td>Absor\u00e7\u00e3o<\/td>\n<td>91%<\/td>\n<\/tr>\n<tr>\n<td>Conex\u00f5es<\/td>\n<td>\u00be \u201d, customizado poss\u00edvel<\/td>\n<\/tr>\n<tr>\n<td>SUNPAD E<\/td>\n<td>Barra de calor de 1 kW<\/td>\n<\/tr>\n<tr>\n<td>Isolamento t\u00e9rmico<\/td>\n<td>0,036 W \/ mK<\/td>\n<\/tr>\n<tr>\n<td>Capacidade do tanque tamp\u00e3o<\/td>\n<td>150 litros de \u00e1gua t\u00e9cnica<\/td>\n<\/tr>\n<tr>\n<td>Produ\u00e7\u00e3o dom\u00e9stica de \u00e1gua doce<\/td>\n<td>at\u00e9 380 litros de \u00e1gua quente misturada com 40 \u00b0<\/td>\n<\/tr>\n<tr>\n<td>Volume trocador de calor<\/td>\n<td>9. 2 litros<\/td>\n<\/tr>\n<tr>\n<td>Trocador de calor de material<br \/>\nopcional:<\/td>\n<td>A\u00e7o inoxid\u00e1vel 1.4404 AISI 316L<br \/>\nA\u00e7o inoxid\u00e1vel 1.4539 AISI 904L<\/td>\n<\/tr>\n<tr>\n<td>Trocador de calor de resist\u00eancia \u00e0 compress\u00e3o<\/td>\n<td>10 bar<\/td>\n<\/tr>\n<tr>\n<td>Material de armazenamento<\/td>\n<td>ST235 de a\u00e7o<\/td>\n<\/tr>\n<\/tbody>\n<\/table>\n<p><span style=\"color: #999999;\">Fonte:<\/span><br \/>\n<span style=\"color: #999999;\">https:\/\/www.sunpad.solar\/<\/span><\/p>\n","protected":false},"excerpt":{"rendered":"<p><strong>O Kit termossif\u00e3o SUNPAD<\/strong><\/p>\n<p>\u2022 1 SUNPAD ADS 150Lt<\/p>\n<p>\u2022Estrutura Cobertura Plana 20\u00ba \/ 30\u00ba Sunpad<\/p>\n<p>\u2022 Liquido anticorresivo<\/p>\n<p><strong>Pre\u00e7o sem IVA<br \/>\n<span style=\"color: #ff0000;\">Custos de expedi\u00e7\u00e3o calculado s\u00f3 para Portugal Continental.<\/span><\/strong><\/p>\n","protected":false},"featured_media":3596,"comment_status":"open","ping_status":"closed","template":"","meta":[],"product_brand":[],"product_cat":[69,66,67],"product_tag":[],"class_list":{"0":"post-3595","1":"product","2":"type-product","3":"status-publish","4":"has-post-thumbnail","6":"product_cat-aqs-agua-quente","7":"product_cat-energia-solar-termica","8":"product_cat-termossifao","9":"product_shipping_class-preco-superior-a-30kg-a-100kg-em-portugal","11":"first","12":"onbackorder","13":"sale","14":"taxable","15":"shipping-taxable","16":"purchasable","17":"product-type-simple"},"_links":{"self":[{"href":"https:\/\/cristianocarvalho.net\/WordPress\/wp-json\/wp\/v2\/product\/3595","targetHints":{"allow":["GET"]}}],"collection":[{"href":"https:\/\/cristianocarvalho.net\/WordPress\/wp-json\/wp\/v2\/product"}],"about":[{"href":"https:\/\/cristianocarvalho.net\/WordPress\/wp-json\/wp\/v2\/types\/product"}],"replies":[{"embeddable":true,"href":"https:\/\/cristianocarvalho.net\/WordPress\/wp-json\/wp\/v2\/comments?post=3595"}],"version-history":[{"count":6,"href":"https:\/\/cristianocarvalho.net\/WordPress\/wp-json\/wp\/v2\/product\/3595\/revisions"}],"predecessor-version":[{"id":4053,"href":"https:\/\/cristianocarvalho.net\/WordPress\/wp-json\/wp\/v2\/product\/3595\/revisions\/4053"}],"wp:featuredmedia":[{"embeddable":true,"href":"https:\/\/cristianocarvalho.net\/WordPress\/wp-json\/wp\/v2\/media\/3596"}],"wp:attachment":[{"href":"https:\/\/cristianocarvalho.net\/WordPress\/wp-json\/wp\/v2\/media?parent=3595"}],"wp:term":[{"taxonomy":"product_brand","embeddable":true,"href":"https:\/\/cristianocarvalho.net\/WordPress\/wp-json\/wp\/v2\/product_brand?post=3595"},{"taxonomy":"product_cat","embeddable":true,"href":"https:\/\/cristianocarvalho.net\/WordPress\/wp-json\/wp\/v2\/product_cat?post=3595"},{"taxonomy":"product_tag","embeddable":true,"href":"https:\/\/cristianocarvalho.net\/WordPress\/wp-json\/wp\/v2\/product_tag?post=3595"}],"curies":[{"name":"wp","href":"https:\/\/api.w.org\/{rel}","templated":true}]}}