{"id":3527,"date":"2021-07-06T17:29:10","date_gmt":"2021-07-06T17:29:10","guid":{"rendered":"http:\/\/cristianocarvalho.net\/WordPress\/?post_type=product&#038;p=3527"},"modified":"2023-07-31T07:29:42","modified_gmt":"2023-07-31T07:29:42","slug":"nice-transmissores-de-2-canais-flo2re","status":"publish","type":"product","link":"https:\/\/cristianocarvalho.net\/WordPress\/produto\/nice-transmissores-de-2-canais-flo2re\/","title":{"rendered":"Nice Transmissores de 2 canais FLO2RE"},"content":{"rendered":"<p><strong>Nice Transmissores de 2 canais FLO2RE<\/strong><\/p>\n<p>Seguran\u00e7a absoluta: a transmiss\u00e3o de c\u00f3digo cont\u00ednuo impossibilita a clonagem do transmissor.<\/p>\n<p>Solu\u00e7\u00e3o ideal para o gest\u00e3o de sistemas de blocos de apartamentos para v\u00e1rios usu\u00e1rios, gra\u00e7as ao c\u00f3digo pessoal exclusivo.<br \/>\nDuplica\u00e7\u00e3o f\u00e1cil do novo transmissor pr\u00f3ximo ao sistema usando um transmissor autorizado ou diretamente usando uma tecla no receptor, enquanto um LED exibe as v\u00e1rias fun\u00e7\u00f5es.<\/p>\n<p>Extremamente pr\u00e1tico: usando a unidade de programa\u00e7\u00e3o O-Box, a vers\u00e3o Era Flor-CE permite programar pacotes completos de 100 dispositivos em um \u00fanico procedimento, sem sequer abri-los.<\/p>\n<p>O O-box e aplicativos de software dedicados para PC e PDA permitem:<br \/>\nprograma\u00e7\u00e3o r\u00e1pida e f\u00e1cil de usar de receptores e transmissores<br \/>\ngest\u00e3o e impress\u00e3o da lista de c\u00f3digos<br \/>\ncria\u00e7\u00e3o de bancos de dados de instala\u00e7\u00e3o individuais (\u00fateis em sistemas multi-usu\u00e1rio).<br \/>\nAutonomia ideal e baixo consumo.<\/p>\n<p>Elegante e conveniente: o transmissor Era FloR pode ser usado como um chaveiro elegante de alta tecnologia ou fixado na parede ou no painel do carro, com o pr\u00e1tico suporte inclu\u00eddo no pacote.<\/p>\n<p>Compatibilidade total com os receptores da s\u00e9rie Flor anteriores (universal, modular universal e com conector Nice ou SM) e com os receptores One (OXI \/ OXIT, OX2 \/ OX2T e OX4T).<\/p>\n<p><strong>N. B.<\/strong> O conte\u00fado da embalagem pode variar: consultar o vendedor.<\/p>\n","protected":false},"excerpt":{"rendered":"<p>Remoto agrad\u00e1vel de 2 canais FLO2RE<br \/>\nTransmissores de 2 canais com um novo design elegante.<br \/>\nSistema de c\u00f3digo rolante de 433,92 mhz com fun\u00e7\u00e3o de auto-aprendizagem.<\/p>\n<p>Pre\u00e7o sem I.V.A. e sem instala\u00e7\u00e3o<\/p>\n<p><mark class=\"has-inline-color has-base-3-color\" style=\"background-color: var(--contrast);\"><strong>Nota: devido \u00e0 instabilidade dos pre\u00e7os das mercadorias, produtos sem stock podem sofrer altera\u00e7\u00f5es sem aviso pr\u00e9vio. Se n\u00e3o nos for poss\u00edvel manter o valor da compra e se j\u00e1 tiver efetuado o pagamento o valor ser\u00e1 devolvido.<br \/>\n<\/strong><\/mark><strong><span style=\"color: #fc5f3f;\">Custos de expedi\u00e7\u00e3o calculado s\u00f3 para Portugal Continental.<\/span><\/strong><\/p>\n","protected":false},"featured_media":3529,"comment_status":"open","ping_status":"closed","template":"","meta":[],"product_brand":[],"product_cat":[65],"product_tag":[],"class_list":{"0":"post-3527","1":"product","2":"type-product","3":"status-publish","4":"has-post-thumbnail","6":"product_cat-automatismos-para-portoes","7":"product_shipping_class-preco-inferior-a-30kg-em-portugal","9":"first","10":"instock","11":"sale","12":"taxable","13":"shipping-taxable","14":"purchasable","15":"product-type-simple"},"_links":{"self":[{"href":"https:\/\/cristianocarvalho.net\/WordPress\/wp-json\/wp\/v2\/product\/3527","targetHints":{"allow":["GET"]}}],"collection":[{"href":"https:\/\/cristianocarvalho.net\/WordPress\/wp-json\/wp\/v2\/product"}],"about":[{"href":"https:\/\/cristianocarvalho.net\/WordPress\/wp-json\/wp\/v2\/types\/product"}],"replies":[{"embeddable":true,"href":"https:\/\/cristianocarvalho.net\/WordPress\/wp-json\/wp\/v2\/comments?post=3527"}],"version-history":[{"count":2,"href":"https:\/\/cristianocarvalho.net\/WordPress\/wp-json\/wp\/v2\/product\/3527\/revisions"}],"predecessor-version":[{"id":4238,"href":"https:\/\/cristianocarvalho.net\/WordPress\/wp-json\/wp\/v2\/product\/3527\/revisions\/4238"}],"wp:featuredmedia":[{"embeddable":true,"href":"https:\/\/cristianocarvalho.net\/WordPress\/wp-json\/wp\/v2\/media\/3529"}],"wp:attachment":[{"href":"https:\/\/cristianocarvalho.net\/WordPress\/wp-json\/wp\/v2\/media?parent=3527"}],"wp:term":[{"taxonomy":"product_brand","embeddable":true,"href":"https:\/\/cristianocarvalho.net\/WordPress\/wp-json\/wp\/v2\/product_brand?post=3527"},{"taxonomy":"product_cat","embeddable":true,"href":"https:\/\/cristianocarvalho.net\/WordPress\/wp-json\/wp\/v2\/product_cat?post=3527"},{"taxonomy":"product_tag","embeddable":true,"href":"https:\/\/cristianocarvalho.net\/WordPress\/wp-json\/wp\/v2\/product_tag?post=3527"}],"curies":[{"name":"wp","href":"https:\/\/api.w.org\/{rel}","templated":true}]}}