{"id":3418,"date":"2020-10-31T12:49:19","date_gmt":"2020-10-31T12:49:19","guid":{"rendered":"http:\/\/cristianocarvalho.net\/WordPress\/?post_type=product&#038;p=3418"},"modified":"2020-10-31T15:20:25","modified_gmt":"2020-10-31T15:20:25","slug":"painel-radiante-s-industrial-s12-1200w","status":"publish","type":"product","link":"https:\/\/cristianocarvalho.net\/WordPress\/produto\/painel-radiante-s-industrial-s12-1200w\/","title":{"rendered":"Painel Radiante S+ Industrial &#8211; S12 1200W"},"content":{"rendered":"<p><strong>Painel Radiante S+ Industrial &#8211; S12 1200W<\/strong><\/p>\n<div class=\"woocommerce-product-details__short-description\">\n<ul>\n<li>Painel radiante de alta temperatura para grandes altitudes.<\/li>\n<li>Projetado para aquecer instala\u00e7\u00f5es industriais e armaz\u00e9ns<\/li>\n<li>Instala\u00e7\u00e3o de 3 ma 10 m de altura.<\/li>\n<li>Dispon\u00edvel com 1, 2 ou 3 elementos de aquecimento, com 6 pot\u00eancias diferentes (de 900 W a 3600 W).<\/li>\n<li>Dimens\u00f5es: 1550 x 60 x 150\/250\/350 mm<\/li>\n<li>Classe I &#8211; IP 44<\/li>\n<li>Os modelos com 2 e 3 elementos podem ser conectados a uma instala\u00e7\u00e3o trif\u00e1sica.<\/li>\n<li>Sistema de regula\u00e7\u00e3o n\u00e3o inclu\u00eddo: Consultar\u00a0<a href=\"https:\/\/cristianocarvalho.net\/WordPress\/categoria-produto\/piso-radiante-eletrico\/termostatos-e-acessorios\/page\/2\/\"><strong>termostatos<\/strong><\/a><\/li>\n<\/ul>\n<p><strong>Modelos desde <span class=\"woocommerce-Price-amount amount\"><bdi><span class=\"woocommerce-Price-currencySymbol\">\u20ac<\/span>\u00a0232,00<\/bdi><\/span>:<\/strong><\/p>\n<p><img data-opt-id=246506491  fetchpriority=\"high\" decoding=\"async\" src=\"https:\/\/www.ceilhit.es\/wp-content\/uploads\/2014\/06\/gama-paneles-alta-temperatura-1.png\" \/><\/p>\n<\/div>\n","protected":false},"excerpt":{"rendered":"<p><strong>Painel Radiante S+ Industrial &#8211; S12 1200W<\/strong><\/p>\n<p><strong>Pre\u00e7o sem IVA<br \/>\n<span style=\"color: #fc5f3f;\">Custos de expedi\u00e7\u00e3o calculado s\u00f3 para Portugal Continental.<\/span><\/strong><\/p>\n","protected":false},"featured_media":3422,"comment_status":"open","ping_status":"closed","template":"","meta":[],"product_brand":[],"product_cat":[62,61,60],"product_tag":[],"class_list":{"0":"post-3418","1":"product","2":"type-product","3":"status-publish","4":"has-post-thumbnail","6":"product_cat-igrejas","7":"product_cat-industrial-s","8":"product_cat-painel-radiante","9":"product_shipping_class-preco-inferior-a-30kg-em-portugal","11":"first","12":"onbackorder","13":"taxable","14":"shipping-taxable","15":"purchasable","16":"product-type-simple"},"_links":{"self":[{"href":"https:\/\/cristianocarvalho.net\/WordPress\/wp-json\/wp\/v2\/product\/3418","targetHints":{"allow":["GET"]}}],"collection":[{"href":"https:\/\/cristianocarvalho.net\/WordPress\/wp-json\/wp\/v2\/product"}],"about":[{"href":"https:\/\/cristianocarvalho.net\/WordPress\/wp-json\/wp\/v2\/types\/product"}],"replies":[{"embeddable":true,"href":"https:\/\/cristianocarvalho.net\/WordPress\/wp-json\/wp\/v2\/comments?post=3418"}],"version-history":[{"count":3,"href":"https:\/\/cristianocarvalho.net\/WordPress\/wp-json\/wp\/v2\/product\/3418\/revisions"}],"predecessor-version":[{"id":3421,"href":"https:\/\/cristianocarvalho.net\/WordPress\/wp-json\/wp\/v2\/product\/3418\/revisions\/3421"}],"wp:featuredmedia":[{"embeddable":true,"href":"https:\/\/cristianocarvalho.net\/WordPress\/wp-json\/wp\/v2\/media\/3422"}],"wp:attachment":[{"href":"https:\/\/cristianocarvalho.net\/WordPress\/wp-json\/wp\/v2\/media?parent=3418"}],"wp:term":[{"taxonomy":"product_brand","embeddable":true,"href":"https:\/\/cristianocarvalho.net\/WordPress\/wp-json\/wp\/v2\/product_brand?post=3418"},{"taxonomy":"product_cat","embeddable":true,"href":"https:\/\/cristianocarvalho.net\/WordPress\/wp-json\/wp\/v2\/product_cat?post=3418"},{"taxonomy":"product_tag","embeddable":true,"href":"https:\/\/cristianocarvalho.net\/WordPress\/wp-json\/wp\/v2\/product_tag?post=3418"}],"curies":[{"name":"wp","href":"https:\/\/api.w.org\/{rel}","templated":true}]}}

<p><strong>Painel Radiante S+ Industrial &#8211; S12 1200W</strong></p>
<div class="woocommerce-product-details__short-description">
<ul>
<li>Painel radiante de alta temperatura para grandes altitudes.</li>
<li>Projetado para aquecer instalações industriais e armazéns</li>
<li>Instalação de 3 ma 10 m de altura.</li>
<li>Disponível com 1, 2 ou 3 elementos de aquecimento, com 6 potências diferentes (de 900 W a 3600 W).</li>
<li>Dimensões: 1550 x 60 x 150/250/350 mm</li>
<li>Classe I &#8211; IP 44</li>
<li>Os modelos com 2 e 3 elementos podem ser conectados a uma instalação trifásica.</li>
<li>Sistema de regulação não incluído: Consultar <a href="https://cristianocarvalho.net/WordPress/categoria-produto/piso-radiante-eletrico/termostatos-e-acessorios/page/2/"><strong>termostatos</strong></a></li>
</ul>
<p><strong>Modelos desde <span class="woocommerce-Price-amount amount"><bdi><span class="woocommerce-Price-currencySymbol">€</span> 232,00</bdi></span>:</strong></p>
<p><img data-opt-id=246506491  fetchpriority="high" decoding="async" src="https://www.ceilhit.es/wp-content/uploads/2014/06/gama-paneles-alta-temperatura-1.png" /></p>
</div>

<p><strong>Painel Radiante S+ Industrial &#8211; S12 1200W</strong></p>
<p><strong>Preço sem IVA<br />
<span style="color: #fc5f3f;">Custos de expedição calculado só para Portugal Continental.</span></strong></p>
