{"id":3158,"date":"2020-04-15T15:06:35","date_gmt":"2020-04-15T15:06:35","guid":{"rendered":"http:\/\/cristianocarvalho.net\/WordPress\/?post_type=product&#038;p=3158"},"modified":"2023-03-21T22:37:04","modified_gmt":"2023-03-21T22:37:04","slug":"modulo-gsm-v27","status":"publish","type":"product","link":"https:\/\/cristianocarvalho.net\/WordPress\/produto\/modulo-gsm-v27\/","title":{"rendered":"M\u00f3dulo GSM V27"},"content":{"rendered":"<p>M\u00f3dulo GSM V27<\/p>\n<p><strong><a href=\"https:\/\/www.ceilhit.es\/wp-content\/uploads\/2014\/06\/MANI-048-01-N556-R01-290514-V27.pdf\" target=\"_blank\" rel=\"noopener noreferrer\">Documenta\u00e7\u00e3o<\/a> &#8211; <a href=\"https:\/\/youtu.be\/6D5H6bFsYgY\" target=\"_blank\" rel=\"noopener noreferrer\">Video1<\/a><\/strong><\/p>\n<ul>\n<li>Unidade GSM para ligar com a Unidade central V24 (GSM) para o controle\u00a0 dist\u00e2ncia de sistemas de aquecimento.<\/li>\n<li>Slot para cart\u00e3o SIM aberto (sem c\u00f3digo PIN) (cart\u00e3o SIM n\u00e3o inclu\u00eddo).<\/li>\n<li>Controle via SMS ou aplicativo m\u00f3vel (Android \/ IOS)<\/li>\n<\/ul>\n<ul>\n<li style=\"list-style-type: none;\">\n<ul>\n<li style=\"list-style-type: none;\"><\/li>\n<\/ul>\n<\/li>\n<\/ul>\n","protected":false},"excerpt":{"rendered":"<ul>\n<li>Unidade GSM para ligar com a Unidade central V24 (GSM) para o controle\u00a0 dist\u00e2ncia de sistemas de aquecimento.<\/li>\n<\/ul>\n<table border=\"0\" width=\"100%\" cellspacing=\"0\" cellpadding=\"0\">\n<tbody>\n<tr>\n<td class=\"Centrar\"><a href=\"https:\/\/play.google.com\/store\/apps\/details?id=com.irisinteractive.fenixprod&amp;hl=pt_PT\" target=\"_blank\" rel=\"noopener noreferrer\"><img data-opt-id=1378106043  fetchpriority=\"high\" decoding=\"async\" class=\"aligncenter\" title=\"google-play\" src=\"https:\/\/mlibb0mwkwo9.i.optimole.com\/cb:62NB.5857\/w:auto\/h:auto\/q:mauto\/f:best\/https:\/\/cristianocarvalho.net\/WordPress\/wp-content\/uploads\/elementor\/thumbs\/google-play-onm5okt1wfk72z6bvz0pzmp9rhgj27ll279vqyhd6c.png\" alt=\"google-play\" \/><\/a><\/td>\n<td class=\"Centrar\"><a href=\"https:\/\/apps.apple.com\/br\/app\/fenix-v24-wifi\/id1199352629\" target=\"_blank\" rel=\"noopener noreferrer\"><img data-opt-id=904082841  fetchpriority=\"high\" decoding=\"async\" class=\"aligncenter\" title=\"App-Sotre\" src=\"https:\/\/mlibb0mwkwo9.i.optimole.com\/cb:62NB.5857\/w:auto\/h:auto\/q:mauto\/f:best\/https:\/\/cristianocarvalho.net\/WordPress\/wp-content\/uploads\/elementor\/thumbs\/App-Sotre-onm5ojv7pliwrd7p1gm3f4xt63l5uihuq2me9oirck.png\" alt=\"App-Sotre\" \/><\/a><\/td>\n<\/tr>\n<\/tbody>\n<\/table>\n<p><strong>Pre\u00e7o sem IVA<br \/>\n<span style=\"color: #fc5f3f;\">Custos de expedi\u00e7\u00e3o calculado s\u00f3 para Portugal Continental.<\/span><\/strong><\/p>\n","protected":false},"featured_media":3159,"comment_status":"open","ping_status":"closed","template":"","meta":[],"product_brand":[],"product_cat":[48,51],"product_tag":[],"class_list":{"0":"post-3158","1":"product","2":"type-product","3":"status-publish","4":"has-post-thumbnail","6":"product_cat-piso-radiante-eletrico","7":"product_cat-termostatos-e-acessorios","8":"product_shipping_class-preco-inferior-a-30kg-em-portugal","10":"first","11":"outofstock","12":"taxable","13":"shipping-taxable","14":"purchasable","15":"product-type-simple"},"_links":{"self":[{"href":"https:\/\/cristianocarvalho.net\/WordPress\/wp-json\/wp\/v2\/product\/3158","targetHints":{"allow":["GET"]}}],"collection":[{"href":"https:\/\/cristianocarvalho.net\/WordPress\/wp-json\/wp\/v2\/product"}],"about":[{"href":"https:\/\/cristianocarvalho.net\/WordPress\/wp-json\/wp\/v2\/types\/product"}],"replies":[{"embeddable":true,"href":"https:\/\/cristianocarvalho.net\/WordPress\/wp-json\/wp\/v2\/comments?post=3158"}],"version-history":[{"count":1,"href":"https:\/\/cristianocarvalho.net\/WordPress\/wp-json\/wp\/v2\/product\/3158\/revisions"}],"predecessor-version":[{"id":3160,"href":"https:\/\/cristianocarvalho.net\/WordPress\/wp-json\/wp\/v2\/product\/3158\/revisions\/3160"}],"wp:featuredmedia":[{"embeddable":true,"href":"https:\/\/cristianocarvalho.net\/WordPress\/wp-json\/wp\/v2\/media\/3159"}],"wp:attachment":[{"href":"https:\/\/cristianocarvalho.net\/WordPress\/wp-json\/wp\/v2\/media?parent=3158"}],"wp:term":[{"taxonomy":"product_brand","embeddable":true,"href":"https:\/\/cristianocarvalho.net\/WordPress\/wp-json\/wp\/v2\/product_brand?post=3158"},{"taxonomy":"product_cat","embeddable":true,"href":"https:\/\/cristianocarvalho.net\/WordPress\/wp-json\/wp\/v2\/product_cat?post=3158"},{"taxonomy":"product_tag","embeddable":true,"href":"https:\/\/cristianocarvalho.net\/WordPress\/wp-json\/wp\/v2\/product_tag?post=3158"}],"curies":[{"name":"wp","href":"https:\/\/api.w.org\/{rel}","templated":true}]}}