{"id":2172,"date":"2020-04-11T12:32:55","date_gmt":"2020-04-11T12:32:55","guid":{"rendered":"http:\/\/cristianocarvalho.net\/WordPress\/?page_id=2172"},"modified":"2021-08-06T08:38:33","modified_gmt":"2021-08-06T08:38:33","slug":"portefolio-instalacoes-irregulares","status":"publish","type":"page","link":"https:\/\/cristianocarvalho.net\/WordPress\/portefolio-instalacoes-irregulares\/","title":{"rendered":"Portef\u00f3lio &#8211; Instala\u00e7\u00f5es Irregulares"},"content":{"rendered":"\t\t<div data-elementor-type=\"wp-page\" data-elementor-id=\"2172\" class=\"elementor elementor-2172\" data-elementor-post-type=\"page\">\n\t\t\t\t\t\t<section class=\"elementor-section elementor-top-section elementor-element elementor-element-f565cd1 elementor-section-height-min-height elementor-section-boxed elementor-section-height-default elementor-section-items-middle\" data-id=\"f565cd1\" data-element_type=\"section\" data-e-type=\"section\" data-settings=\"{&quot;background_background&quot;:&quot;classic&quot;}\">\n\t\t\t\t\t\t\t<div class=\"elementor-background-overlay\"><\/div>\n\t\t\t\t\t\t\t<div class=\"elementor-container elementor-column-gap-default\">\n\t\t\t\t\t<div class=\"elementor-column elementor-col-100 elementor-top-column elementor-element elementor-element-2e736d3\" data-id=\"2e736d3\" data-element_type=\"column\" data-e-type=\"column\">\n\t\t\t<div class=\"elementor-widget-wrap elementor-element-populated\">\n\t\t\t\t\t\t<div class=\"elementor-element elementor-element-99f8588 elementor-widget elementor-widget-heading\" data-id=\"99f8588\" data-element_type=\"widget\" data-e-type=\"widget\" data-widget_type=\"heading.default\">\n\t\t\t\t<div class=\"elementor-widget-container\">\n\t\t\t\t\t<h2 class=\"elementor-heading-title elementor-size-default\">instala\u00e7\u00f5es irregulares<\/h2>\t\t\t\t<\/div>\n\t\t\t\t<\/div>\n\t\t\t\t<div class=\"elementor-element elementor-element-1a22421 elementor-widget elementor-widget-text-editor\" data-id=\"1a22421\" data-element_type=\"widget\" data-e-type=\"widget\" data-widget_type=\"text-editor.default\">\n\t\t\t\t<div class=\"elementor-widget-container\">\n\t\t\t\t\t\t\t\t\t<p>Exemplos do que n\u00e3o se deve fazer nem manter.<\/p>\t\t\t\t\t\t\t\t<\/div>\n\t\t\t\t<\/div>\n\t\t\t\t<div class=\"elementor-element elementor-element-b254f27 elementor-widget elementor-widget-image-gallery\" data-id=\"b254f27\" data-element_type=\"widget\" data-e-type=\"widget\" data-widget_type=\"image-gallery.default\">\n\t\t\t\t<div class=\"elementor-widget-container\">\n\t\t\t\t\t\t\t<div class=\"elementor-image-gallery\">\n\t\t\t<div id='gallery-1' class='gallery galleryid-2172 gallery-columns-4 gallery-size-medium'><figure class='gallery-item'>\n\t\t\t<div class='gallery-icon landscape'>\n\t\t\t\t<a data-elementor-open-lightbox=\"yes\" data-elementor-lightbox-slideshow=\"b254f27\" data-elementor-lightbox-title=\"Instalacoes-irregulares-01\" data-e-action-hash=\"#elementor-action%3Aaction%3Dlightbox%26settings%3DeyJpZCI6MjE3OCwidXJsIjoiaHR0cHM6XC9cL2NyaXN0aWFub2NhcnZhbGhvLm5ldFwvV29yZFByZXNzXC93cC1jb250ZW50XC91cGxvYWRzXC8yMDIwXC8wNFwvSW5zdGFsYWNvZXMtaXJyZWd1bGFyZXMtMDEuanBnIiwic2xpZGVzaG93IjoiYjI1NGYyNyJ9\" href='https:\/\/mlibb0mwkwo9.i.optimole.com\/cb:62NB.5857\/w:auto\/h:auto\/q:mauto\/f:best\/https:\/\/cristianocarvalho.net\/WordPress\/wp-content\/uploads\/2020\/04\/Instalacoes-irregulares-01.jpg'><img data-opt-id=601060950  fetchpriority=\"high\" decoding=\"async\" width=\"300\" height=\"199\" src=\"https:\/\/mlibb0mwkwo9.i.optimole.com\/cb:62NB.5857\/w:300\/h:199\/q:mauto\/f:best\/https:\/\/cristianocarvalho.net\/WordPress\/wp-content\/uploads\/2020\/04\/Instalacoes-irregulares-01.jpg\" class=\"attachment-medium size-medium\" alt=\"\" srcset=\"https:\/\/mlibb0mwkwo9.i.optimole.com\/cb:62NB.5857\/w:1280\/h:850\/q:mauto\/f:best\/https:\/\/cristianocarvalho.net\/WordPress\/wp-content\/uploads\/2020\/04\/Instalacoes-irregulares-01.jpg 1280w, https:\/\/mlibb0mwkwo9.i.optimole.com\/cb:62NB.5857\/w:600\/h:398\/q:mauto\/f:best\/https:\/\/cristianocarvalho.net\/WordPress\/wp-content\/uploads\/2020\/04\/Instalacoes-irregulares-01.jpg 600w, https:\/\/mlibb0mwkwo9.i.optimole.com\/cb:62NB.5857\/w:300\/h:199\/q:mauto\/f:best\/https:\/\/cristianocarvalho.net\/WordPress\/wp-content\/uploads\/2020\/04\/Instalacoes-irregulares-01.jpg 300w, https:\/\/mlibb0mwkwo9.i.optimole.com\/cb:62NB.5857\/w:1024\/h:680\/q:mauto\/f:best\/https:\/\/cristianocarvalho.net\/WordPress\/wp-content\/uploads\/2020\/04\/Instalacoes-irregulares-01.jpg 1024w, https:\/\/mlibb0mwkwo9.i.optimole.com\/cb:62NB.5857\/w:768\/h:510\/q:mauto\/f:best\/https:\/\/cristianocarvalho.net\/WordPress\/wp-content\/uploads\/2020\/04\/Instalacoes-irregulares-01.jpg 768w\" sizes=\"(max-width: 300px) 100vw, 300px\" \/><\/a>\n\t\t\t<\/div><\/figure><figure class='gallery-item'>\n\t\t\t<div class='gallery-icon landscape'>\n\t\t\t\t<a data-elementor-open-lightbox=\"yes\" data-elementor-lightbox-slideshow=\"b254f27\" data-elementor-lightbox-title=\"Instalacoes-irregulares-03\" data-e-action-hash=\"#elementor-action%3Aaction%3Dlightbox%26settings%3DeyJpZCI6MjE4NCwidXJsIjoiaHR0cHM6XC9cL2NyaXN0aWFub2NhcnZhbGhvLm5ldFwvV29yZFByZXNzXC93cC1jb250ZW50XC91cGxvYWRzXC8yMDIwXC8wNFwvSW5zdGFsYWNvZXMtaXJyZWd1bGFyZXMtMDMuanBnIiwic2xpZGVzaG93IjoiYjI1NGYyNyJ9\" href='https:\/\/mlibb0mwkwo9.i.optimole.com\/cb:62NB.5857\/w:auto\/h:auto\/q:mauto\/f:best\/https:\/\/cristianocarvalho.net\/WordPress\/wp-content\/uploads\/2020\/04\/Instalacoes-irregulares-03.jpg'><img data-opt-id=97973772  fetchpriority=\"high\" decoding=\"async\" width=\"300\" height=\"199\" src=\"https:\/\/mlibb0mwkwo9.i.optimole.com\/cb:62NB.5857\/w:300\/h:199\/q:mauto\/f:best\/https:\/\/cristianocarvalho.net\/WordPress\/wp-content\/uploads\/2020\/04\/Instalacoes-irregulares-03.jpg\" class=\"attachment-medium size-medium\" alt=\"\" srcset=\"https:\/\/mlibb0mwkwo9.i.optimole.com\/cb:62NB.5857\/w:1280\/h:850\/q:mauto\/f:best\/https:\/\/cristianocarvalho.net\/WordPress\/wp-content\/uploads\/2020\/04\/Instalacoes-irregulares-03.jpg 1280w, https:\/\/mlibb0mwkwo9.i.optimole.com\/cb:62NB.5857\/w:600\/h:398\/q:mauto\/f:best\/https:\/\/cristianocarvalho.net\/WordPress\/wp-content\/uploads\/2020\/04\/Instalacoes-irregulares-03.jpg 600w, https:\/\/mlibb0mwkwo9.i.optimole.com\/cb:62NB.5857\/w:300\/h:199\/q:mauto\/f:best\/https:\/\/cristianocarvalho.net\/WordPress\/wp-content\/uploads\/2020\/04\/Instalacoes-irregulares-03.jpg 300w, https:\/\/mlibb0mwkwo9.i.optimole.com\/cb:62NB.5857\/w:1024\/h:680\/q:mauto\/f:best\/https:\/\/cristianocarvalho.net\/WordPress\/wp-content\/uploads\/2020\/04\/Instalacoes-irregulares-03.jpg 1024w, https:\/\/mlibb0mwkwo9.i.optimole.com\/cb:62NB.5857\/w:768\/h:510\/q:mauto\/f:best\/https:\/\/cristianocarvalho.net\/WordPress\/wp-content\/uploads\/2020\/04\/Instalacoes-irregulares-03.jpg 768w\" sizes=\"(max-width: 300px) 100vw, 300px\" \/><\/a>\n\t\t\t<\/div><\/figure><figure class='gallery-item'>\n\t\t\t<div class='gallery-icon portrait'>\n\t\t\t\t<a data-elementor-open-lightbox=\"yes\" data-elementor-lightbox-slideshow=\"b254f27\" data-elementor-lightbox-title=\"Instalacoes-irregulares-02\" data-e-action-hash=\"#elementor-action%3Aaction%3Dlightbox%26settings%3DeyJpZCI6MjE4MCwidXJsIjoiaHR0cHM6XC9cL2NyaXN0aWFub2NhcnZhbGhvLm5ldFwvV29yZFByZXNzXC93cC1jb250ZW50XC91cGxvYWRzXC8yMDIwXC8wNFwvSW5zdGFsYWNvZXMtaXJyZWd1bGFyZXMtMDIuanBnIiwic2xpZGVzaG93IjoiYjI1NGYyNyJ9\" href='https:\/\/mlibb0mwkwo9.i.optimole.com\/cb:62NB.5857\/w:auto\/h:auto\/q:mauto\/f:best\/https:\/\/cristianocarvalho.net\/WordPress\/wp-content\/uploads\/2020\/04\/Instalacoes-irregulares-02.jpg'><img data-opt-id=126292859  fetchpriority=\"high\" decoding=\"async\" width=\"199\" height=\"300\" src=\"https:\/\/mlibb0mwkwo9.i.optimole.com\/cb:62NB.5857\/w:199\/h:300\/q:mauto\/f:best\/https:\/\/cristianocarvalho.net\/WordPress\/wp-content\/uploads\/2020\/04\/Instalacoes-irregulares-02.jpg\" class=\"attachment-medium size-medium\" alt=\"\" srcset=\"https:\/\/mlibb0mwkwo9.i.optimole.com\/cb:62NB.5857\/w:717\/h:1080\/q:mauto\/f:best\/https:\/\/cristianocarvalho.net\/WordPress\/wp-content\/uploads\/2020\/04\/Instalacoes-irregulares-02.jpg 850w, https:\/\/mlibb0mwkwo9.i.optimole.com\/cb:62NB.5857\/w:600\/h:904\/q:mauto\/f:best\/https:\/\/cristianocarvalho.net\/WordPress\/wp-content\/uploads\/2020\/04\/Instalacoes-irregulares-02.jpg 600w, https:\/\/mlibb0mwkwo9.i.optimole.com\/cb:62NB.5857\/w:199\/h:300\/q:mauto\/f:best\/https:\/\/cristianocarvalho.net\/WordPress\/wp-content\/uploads\/2020\/04\/Instalacoes-irregulares-02.jpg 199w, https:\/\/mlibb0mwkwo9.i.optimole.com\/cb:62NB.5857\/w:680\/h:1024\/q:mauto\/f:best\/https:\/\/cristianocarvalho.net\/WordPress\/wp-content\/uploads\/2020\/04\/Instalacoes-irregulares-02.jpg 680w, https:\/\/mlibb0mwkwo9.i.optimole.com\/cb:62NB.5857\/w:716\/h:1080\/q:mauto\/f:best\/https:\/\/cristianocarvalho.net\/WordPress\/wp-content\/uploads\/2020\/04\/Instalacoes-irregulares-02.jpg 768w\" sizes=\"(max-width: 199px) 100vw, 199px\" \/><\/a>\n\t\t\t<\/div><\/figure><figure class='gallery-item'>\n\t\t\t<div class='gallery-icon portrait'>\n\t\t\t\t<a data-elementor-open-lightbox=\"yes\" data-elementor-lightbox-slideshow=\"b254f27\" data-elementor-lightbox-title=\"Quadro04\" data-e-action-hash=\"#elementor-action%3Aaction%3Dlightbox%26settings%3DeyJpZCI6MzM2MCwidXJsIjoiaHR0cHM6XC9cL2NyaXN0aWFub2NhcnZhbGhvLm5ldFwvV29yZFByZXNzXC93cC1jb250ZW50XC91cGxvYWRzXC8yMDIwXC8wNlwvUXVhZHJvMDQuanBnIiwic2xpZGVzaG93IjoiYjI1NGYyNyJ9\" href='https:\/\/mlibb0mwkwo9.i.optimole.com\/cb:62NB.5857\/w:auto\/h:auto\/q:mauto\/f:best\/https:\/\/cristianocarvalho.net\/WordPress\/wp-content\/uploads\/2020\/06\/Quadro04.jpg'><img data-opt-id=2056377406  loading=\"lazy\" decoding=\"async\" width=\"199\" height=\"300\" src=\"https:\/\/mlibb0mwkwo9.i.optimole.com\/cb:62NB.5857\/w:199\/h:300\/q:mauto\/f:best\/https:\/\/cristianocarvalho.net\/WordPress\/wp-content\/uploads\/2020\/06\/Quadro04.jpg\" class=\"attachment-medium size-medium\" alt=\"\" srcset=\"https:\/\/mlibb0mwkwo9.i.optimole.com\/cb:62NB.5857\/w:717\/h:1080\/q:mauto\/f:best\/https:\/\/cristianocarvalho.net\/WordPress\/wp-content\/uploads\/2020\/06\/Quadro04.jpg 850w, https:\/\/mlibb0mwkwo9.i.optimole.com\/cb:62NB.5857\/w:199\/h:300\/q:mauto\/f:best\/https:\/\/cristianocarvalho.net\/WordPress\/wp-content\/uploads\/2020\/06\/Quadro04.jpg 199w, https:\/\/mlibb0mwkwo9.i.optimole.com\/cb:62NB.5857\/w:680\/h:1024\/q:mauto\/f:best\/https:\/\/cristianocarvalho.net\/WordPress\/wp-content\/uploads\/2020\/06\/Quadro04.jpg 680w, https:\/\/mlibb0mwkwo9.i.optimole.com\/cb:62NB.5857\/w:716\/h:1080\/q:mauto\/f:best\/https:\/\/cristianocarvalho.net\/WordPress\/wp-content\/uploads\/2020\/06\/Quadro04.jpg 768w, https:\/\/mlibb0mwkwo9.i.optimole.com\/cb:62NB.5857\/w:600\/h:904\/q:mauto\/f:best\/https:\/\/cristianocarvalho.net\/WordPress\/wp-content\/uploads\/2020\/06\/Quadro04.jpg 600w\" sizes=\"(max-width: 199px) 100vw, 199px\" \/><\/a>\n\t\t\t<\/div><\/figure><figure class='gallery-item'>\n\t\t\t<div class='gallery-icon portrait'>\n\t\t\t\t<a data-elementor-open-lightbox=\"yes\" data-elementor-lightbox-slideshow=\"b254f27\" data-elementor-lightbox-title=\"Instala\u00e7\u00f5es-Irregularres-05\" data-e-action-hash=\"#elementor-action%3Aaction%3Dlightbox%26settings%3DeyJpZCI6MzQ4MywidXJsIjoiaHR0cHM6XC9cL2NyaXN0aWFub2NhcnZhbGhvLm5ldFwvV29yZFByZXNzXC93cC1jb250ZW50XC91cGxvYWRzXC8yMDIxXC8wM1wvSW5zdGFsYWNvZXMtSXJyZWd1bGFycmVzLTA1LmpwZyIsInNsaWRlc2hvdyI6ImIyNTRmMjcifQ%3D%3D\" href='https:\/\/mlibb0mwkwo9.i.optimole.com\/cb:62NB.5857\/w:auto\/h:auto\/q:mauto\/f:best\/https:\/\/cristianocarvalho.net\/WordPress\/wp-content\/uploads\/2021\/03\/Instalacoes-Irregularres-05.jpg'><img data-opt-id=1705846165  loading=\"lazy\" decoding=\"async\" width=\"236\" height=\"300\" src=\"https:\/\/mlibb0mwkwo9.i.optimole.com\/cb:62NB.5857\/w:236\/h:300\/q:mauto\/f:best\/https:\/\/cristianocarvalho.net\/WordPress\/wp-content\/uploads\/2021\/03\/Instalacoes-Irregularres-05.jpg\" class=\"attachment-medium size-medium\" alt=\"\" srcset=\"https:\/\/mlibb0mwkwo9.i.optimole.com\/cb:62NB.5857\/w:850\/h:1080\/q:mauto\/f:best\/https:\/\/cristianocarvalho.net\/WordPress\/wp-content\/uploads\/2021\/03\/Instalacoes-Irregularres-05.jpg 850w, https:\/\/mlibb0mwkwo9.i.optimole.com\/cb:62NB.5857\/w:236\/h:300\/q:mauto\/f:best\/https:\/\/cristianocarvalho.net\/WordPress\/wp-content\/uploads\/2021\/03\/Instalacoes-Irregularres-05.jpg 236w, https:\/\/mlibb0mwkwo9.i.optimole.com\/cb:62NB.5857\/w:806\/h:1024\/q:mauto\/f:best\/https:\/\/cristianocarvalho.net\/WordPress\/wp-content\/uploads\/2021\/03\/Instalacoes-Irregularres-05.jpg 806w, https:\/\/mlibb0mwkwo9.i.optimole.com\/cb:62NB.5857\/w:768\/h:976\/q:mauto\/f:best\/https:\/\/cristianocarvalho.net\/WordPress\/wp-content\/uploads\/2021\/03\/Instalacoes-Irregularres-05.jpg 768w, https:\/\/mlibb0mwkwo9.i.optimole.com\/cb:62NB.5857\/w:600\/h:762\/q:mauto\/f:best\/https:\/\/cristianocarvalho.net\/WordPress\/wp-content\/uploads\/2021\/03\/Instalacoes-Irregularres-05.jpg 600w\" sizes=\"(max-width: 236px) 100vw, 236px\" \/><\/a>\n\t\t\t<\/div><\/figure><figure class='gallery-item'>\n\t\t\t<div class='gallery-icon portrait'>\n\t\t\t\t<a data-elementor-open-lightbox=\"yes\" data-elementor-lightbox-slideshow=\"b254f27\" data-elementor-lightbox-title=\"Quadro06\" data-e-action-hash=\"#elementor-action%3Aaction%3Dlightbox%26settings%3DeyJpZCI6MzU0MSwidXJsIjoiaHR0cHM6XC9cL2NyaXN0aWFub2NhcnZhbGhvLm5ldFwvV29yZFByZXNzXC93cC1jb250ZW50XC91cGxvYWRzXC8yMDIxXC8wOFwvUXVhZHJvMDYuanBnIiwic2xpZGVzaG93IjoiYjI1NGYyNyJ9\" href='https:\/\/mlibb0mwkwo9.i.optimole.com\/cb:62NB.5857\/w:auto\/h:auto\/q:mauto\/f:best\/https:\/\/cristianocarvalho.net\/WordPress\/wp-content\/uploads\/2021\/08\/Quadro06.jpg'><img data-opt-id=1281706773  loading=\"lazy\" decoding=\"async\" width=\"172\" height=\"300\" src=\"https:\/\/mlibb0mwkwo9.i.optimole.com\/cb:62NB.5857\/w:172\/h:300\/q:mauto\/f:best\/https:\/\/cristianocarvalho.net\/WordPress\/wp-content\/uploads\/2021\/08\/Quadro06.jpg\" class=\"attachment-medium size-medium\" alt=\"\" srcset=\"https:\/\/mlibb0mwkwo9.i.optimole.com\/cb:62NB.5857\/w:458\/h:800\/q:mauto\/f:best\/https:\/\/cristianocarvalho.net\/WordPress\/wp-content\/uploads\/2021\/08\/Quadro06.jpg 458w, https:\/\/mlibb0mwkwo9.i.optimole.com\/cb:62NB.5857\/w:172\/h:300\/q:mauto\/f:best\/https:\/\/cristianocarvalho.net\/WordPress\/wp-content\/uploads\/2021\/08\/Quadro06.jpg 172w\" sizes=\"(max-width: 172px) 100vw, 172px\" \/><\/a>\n\t\t\t<\/div><\/figure>\n\t\t<\/div>\n\t\t<\/div>\n\t\t\t\t\t\t<\/div>\n\t\t\t\t<\/div>\n\t\t\t\t\t<\/div>\n\t\t<\/div>\n\t\t\t\t\t<\/div>\n\t\t<\/section>\n\t\t\t\t<section class=\"elementor-section elementor-top-section elementor-element elementor-element-33c92eb elementor-section-height-min-height elementor-section-boxed elementor-section-height-default elementor-section-items-middle\" data-id=\"33c92eb\" data-element_type=\"section\" data-e-type=\"section\" data-settings=\"{&quot;background_background&quot;:&quot;classic&quot;}\">\n\t\t\t\t\t\t\t<div class=\"elementor-background-overlay\"><\/div>\n\t\t\t\t\t\t\t<div class=\"elementor-container elementor-column-gap-default\">\n\t\t\t\t\t<div class=\"elementor-column elementor-col-100 elementor-top-column elementor-element elementor-element-eb04a1c\" data-id=\"eb04a1c\" data-element_type=\"column\" data-e-type=\"column\">\n\t\t\t<div class=\"elementor-widget-wrap elementor-element-populated\">\n\t\t\t\t\t\t<div class=\"elementor-element elementor-element-ddd7660 elementor-button-success elementor-align-center elementor-widget elementor-widget-button\" data-id=\"ddd7660\" data-element_type=\"widget\" data-e-type=\"widget\" data-widget_type=\"button.default\">\n\t\t\t\t<div class=\"elementor-widget-container\">\n\t\t\t\t\t\t\t\t\t<div class=\"elementor-button-wrapper\">\n\t\t\t\t\t<a class=\"elementor-button elementor-button-link elementor-size-sm\" href=\"https:\/\/cristianocarvalho.net\/WordPress\/portefolio-instalacoes\/\">\n\t\t\t\t\t\t<span class=\"elementor-button-content-wrapper\">\n\t\t\t\t\t\t\t\t\t<span class=\"elementor-button-text\">Voltar<\/span>\n\t\t\t\t\t<\/span>\n\t\t\t\t\t<\/a>\n\t\t\t\t<\/div>\n\t\t\t\t\t\t\t\t<\/div>\n\t\t\t\t<\/div>\n\t\t\t\t\t<\/div>\n\t\t<\/div>\n\t\t\t\t\t<\/div>\n\t\t<\/section>\n\t\t\t\t<section class=\"elementor-section elementor-top-section elementor-element elementor-element-3a7510f elementor-section-height-min-height elementor-section-boxed elementor-section-height-default elementor-section-items-middle\" data-id=\"3a7510f\" data-element_type=\"section\" data-e-type=\"section\" data-settings=\"{&quot;background_background&quot;:&quot;classic&quot;}\">\n\t\t\t\t\t\t\t<div class=\"elementor-background-overlay\"><\/div>\n\t\t\t\t\t\t\t<div class=\"elementor-container elementor-column-gap-default\">\n\t\t\t\t\t<div class=\"elementor-column elementor-col-100 elementor-top-column elementor-element elementor-element-f272d33\" data-id=\"f272d33\" data-element_type=\"column\" data-e-type=\"column\">\n\t\t\t<div class=\"elementor-widget-wrap elementor-element-populated\">\n\t\t\t\t\t\t<div class=\"elementor-element elementor-element-cf070c0 elementor-widget-divider--separator-type-pattern elementor-widget-divider--view-line elementor-widget elementor-widget-divider\" data-id=\"cf070c0\" data-element_type=\"widget\" data-e-type=\"widget\" data-widget_type=\"divider.default\">\n\t\t\t\t<div class=\"elementor-widget-container\">\n\t\t\t\t\t\t\t<div class=\"elementor-divider\" style=\"--divider-pattern-url: url(&quot;data:image\/svg+xml,%3Csvg xmlns=&#039;http:\/\/www.w3.org\/2000\/svg&#039; preserveAspectRatio=&#039;none&#039; overflow=&#039;visible&#039; height=&#039;100%&#039; viewBox=&#039;0 0 24 24&#039; fill=&#039;none&#039; stroke=&#039;black&#039; stroke-width=&#039;2&#039; stroke-linecap=&#039;square&#039; stroke-miterlimit=&#039;10&#039;%3E%3Cpath d=&#039;M0,6c6,0,6,13,12,13S18,6,24,6&#039;\/%3E%3C\/svg%3E&quot;);\">\n\t\t\t<span class=\"elementor-divider-separator\">\n\t\t\t\t\t\t<\/span>\n\t\t<\/div>\n\t\t\t\t\t\t<\/div>\n\t\t\t\t<\/div>\n\t\t\t\t\t<\/div>\n\t\t<\/div>\n\t\t\t\t\t<\/div>\n\t\t<\/section>\n\t\t\t\t<\/div>\n\t\t","protected":false},"excerpt":{"rendered":"<p>instala\u00e7\u00f5es irregulares Exemplos do que n\u00e3o se deve fazer nem manter. Voltar<\/p>\n","protected":false},"author":1,"featured_media":0,"parent":0,"menu_order":0,"comment_status":"closed","ping_status":"closed","template":"","meta":{"footnotes":""},"class_list":["post-2172","page","type-page","status-publish"],"_links":{"self":[{"href":"https:\/\/cristianocarvalho.net\/WordPress\/wp-json\/wp\/v2\/pages\/2172","targetHints":{"allow":["GET"]}}],"collection":[{"href":"https:\/\/cristianocarvalho.net\/WordPress\/wp-json\/wp\/v2\/pages"}],"about":[{"href":"https:\/\/cristianocarvalho.net\/WordPress\/wp-json\/wp\/v2\/types\/page"}],"author":[{"embeddable":true,"href":"https:\/\/cristianocarvalho.net\/WordPress\/wp-json\/wp\/v2\/users\/1"}],"replies":[{"embeddable":true,"href":"https:\/\/cristianocarvalho.net\/WordPress\/wp-json\/wp\/v2\/comments?post=2172"}],"version-history":[{"count":22,"href":"https:\/\/cristianocarvalho.net\/WordPress\/wp-json\/wp\/v2\/pages\/2172\/revisions"}],"predecessor-version":[{"id":3544,"href":"https:\/\/cristianocarvalho.net\/WordPress\/wp-json\/wp\/v2\/pages\/2172\/revisions\/3544"}],"wp:attachment":[{"href":"https:\/\/cristianocarvalho.net\/WordPress\/wp-json\/wp\/v2\/media?parent=2172"}],"curies":[{"name":"wp","href":"https:\/\/api.w.org\/{rel}","templated":true}]}}